{"id":39186,"date":"2026-02-12T10:59:04","date_gmt":"2026-02-12T10:59:04","guid":{"rendered":"https:\/\/www.vinodis.com\/vinodis-grower\/yves-cuilleron\/"},"modified":"2026-02-12T10:59:04","modified_gmt":"2026-02-12T10:59:04","slug":"yves-cuilleron","status":"publish","type":"vinodis-grower","link":"https:\/\/www.vinodis.com\/nl\/vinodis-grower\/yves-cuilleron\/","title":{"rendered":"Yves Cuilleron"},"content":{"rendered":"<p>C&rsquo;est en 1987 qu&rsquo;Yves Cuilleron reprend le domaine cr\u00e9\u00e9 en 1920 par son grand-p\u00e8re.<br \/>\nDepuis le domaine n&rsquo;a cess\u00e9 de s&rsquo;\u00e9tendre pour devenir la star du Rh\u00f4ne-Nord.<\/p>","protected":false},"featured_media":0,"parent":0,"template":"","meta":{"_acf_changed":false},"class_list":["post-39186","vinodis-grower","type-vinodis-grower","status-publish","hentry"],"acf":[],"_links":{"self":[{"href":"https:\/\/www.vinodis.com\/nl\/wp-json\/wp\/v2\/vinodis-grower\/39186","targetHints":{"allow":["GET"]}}],"collection":[{"href":"https:\/\/www.vinodis.com\/nl\/wp-json\/wp\/v2\/vinodis-grower"}],"about":[{"href":"https:\/\/www.vinodis.com\/nl\/wp-json\/wp\/v2\/types\/vinodis-grower"}],"wp:attachment":[{"href":"https:\/\/www.vinodis.com\/nl\/wp-json\/wp\/v2\/media?parent=39186"}],"curies":[{"name":"wp","href":"https:\/\/api.w.org\/{rel}","templated":true}]}}

<p>C&rsquo;est en 1987 qu&rsquo;Yves Cuilleron reprend le domaine créé en 1920 par son grand-père.<br />
Depuis le domaine n&rsquo;a cessé de s&rsquo;étendre pour devenir la star du Rhône-Nord.</p>
