{"id":38440,"date":"2026-02-12T09:32:35","date_gmt":"2026-02-12T09:32:35","guid":{"rendered":"https:\/\/www.vinodis.com\/?post_type=product&#038;p=38440"},"modified":"2026-02-12T10:36:47","modified_gmt":"2026-02-12T10:36:47","slug":"gueuze-cuvee-jean-paul","status":"publish","type":"product","link":"https:\/\/www.vinodis.com\/nl\/product\/gueuze-cuvee-jean-paul\/","title":{"rendered":"Gueuze couvert Jean-Paul"},"content":{"rendered":"<p>Cuv\u00e9e Jean-Paul werd gecre\u00eberd ter ere van de vader van Pierre Tilquin, de oprichter van de gelijknamige gueuzerie.<\/p>\n<p>Deze blend is samengesteld uit 40% lambiek van 1 jaar oud, 30% lambiek van 2 jaar oud en 30% lambiek van 3 jaar oud, alle 3 gerijpt op eiken vaten en 2 jaar gerijpt op fles.<\/p>\n<p>Te betalen met <strong>Sodexo Lunch-Pass en Monizze maaltijdcheques<\/strong>.<\/p>\n<p>Als je andere soorten cheques wilt gebruiken, neem dan contact met ons op: <a href=\"mailto:vi*****@*****is.com\" data-original-string=\"REj6tuLcLu1xSQfW4maHjw==51bmKG6kPQdDAV1aCwxT6RkPTU0VAMUnT6oEN9SnVpsdEo=\" title=\"Dit contact is gecodeerd door Anti-Spam by CleanTalk. Klik om te decoderen. Om het decoderen te voltooien, moet JavaScript ingeschakeld zijn in je browser.\" data-loopstyle=\"link\"><span \n                data-original-string='zO0\/OUKUXsarp2R18CxeRg==51bM5hvEqCGvxm9pWZr0qMahz3vjuVBfx4r5hMu38JoPU4='\n                class='apbct-email-encoder'\n                title='Dit contact is gecodeerd door Anti-Spam by CleanTalk. Klik om te decoderen. Om het decoderen te voltooien, moet JavaScript ingeschakeld zijn in je browser.'>vi<span class=\"apbct-blur\">*****<\/span>@<span class=\"apbct-blur\">*****<\/span>is.com<\/span><\/a><\/p>","protected":false},"excerpt":{"rendered":"<p>La Cuv\u00e9e Jean-Paul a \u00e9t\u00e9 cr\u00e9\u00e9e en l&rsquo;honneur du papa de Pierre Tilquin, le fondateur de la gueuzerie \u00e9ponyme. Cet assemblage est compos\u00e9 de 40% de lambic de 1 an, 30% de lambic \u00e2g\u00e9 de 2 ans et 30% de lambic de 3 ans, tous les 3 vieillis en f\u00fbts de ch\u00eane et affin\u00e9 pendant [&hellip;]<\/p>\n","protected":false},"featured_media":36646,"comment_status":"closed","ping_status":"closed","template":"","meta":{"_acf_changed":false},"set_accompanying_cat":[1941,1849,1976,2114],"beer_cat":[],"alcohol_cat":[],"wine_cat":[3110,1860,1855],"grapes_cat":[3232],"fournisseur":[],"regions_cat":[3304,2002],"set_winetype_cat":[],"product_brand":[],"product_cat":[241],"product_tag":[],"class_list":{"0":"post-38440","1":"product","2":"type-product","3":"status-publish","4":"has-post-thumbnail","6":"set_accompanying_cat-aperitif","7":"set_accompanying_cat-fromages-doux","8":"set_accompanying_cat-fromages-forts","9":"set_accompanying_cat-meditation","10":"wine_cat-boise","11":"wine_cat-coups-de-coeur","12":"wine_cat-fruite","13":"grapes_cat-biere","14":"regions_cat-biere","15":"regions_cat-hainaut","16":"product_cat-bieres","18":"first","19":"outofstock","20":"taxable","21":"shipping-taxable","22":"purchasable","23":"product-type-simple"},"acf":[],"_links":{"self":[{"href":"https:\/\/www.vinodis.com\/nl\/wp-json\/wp\/v2\/product\/38440","targetHints":{"allow":["GET"]}}],"collection":[{"href":"https:\/\/www.vinodis.com\/nl\/wp-json\/wp\/v2\/product"}],"about":[{"href":"https:\/\/www.vinodis.com\/nl\/wp-json\/wp\/v2\/types\/product"}],"replies":[{"embeddable":true,"href":"https:\/\/www.vinodis.com\/nl\/wp-json\/wp\/v2\/comments?post=38440"}],"wp:featuredmedia":[{"embeddable":true,"href":"https:\/\/www.vinodis.com\/nl\/wp-json\/wp\/v2\/media\/36646"}],"wp:attachment":[{"href":"https:\/\/www.vinodis.com\/nl\/wp-json\/wp\/v2\/media?parent=38440"}],"wp:term":[{"taxonomy":"set_accompanying_cat","embeddable":true,"href":"https:\/\/www.vinodis.com\/nl\/wp-json\/wp\/v2\/set_accompanying_cat?post=38440"},{"taxonomy":"beer_cat","embeddable":true,"href":"https:\/\/www.vinodis.com\/nl\/wp-json\/wp\/v2\/beer_cat?post=38440"},{"taxonomy":"alcohol_cat","embeddable":true,"href":"https:\/\/www.vinodis.com\/nl\/wp-json\/wp\/v2\/alcohol_cat?post=38440"},{"taxonomy":"wine_cat","embeddable":true,"href":"https:\/\/www.vinodis.com\/nl\/wp-json\/wp\/v2\/wine_cat?post=38440"},{"taxonomy":"grapes_cat","embeddable":true,"href":"https:\/\/www.vinodis.com\/nl\/wp-json\/wp\/v2\/grapes_cat?post=38440"},{"taxonomy":"fournisseur","embeddable":true,"href":"https:\/\/www.vinodis.com\/nl\/wp-json\/wp\/v2\/fournisseur?post=38440"},{"taxonomy":"regions_cat","embeddable":true,"href":"https:\/\/www.vinodis.com\/nl\/wp-json\/wp\/v2\/regions_cat?post=38440"},{"taxonomy":"set_winetype_cat","embeddable":true,"href":"https:\/\/www.vinodis.com\/nl\/wp-json\/wp\/v2\/set_winetype_cat?post=38440"},{"taxonomy":"product_brand","embeddable":true,"href":"https:\/\/www.vinodis.com\/nl\/wp-json\/wp\/v2\/product_brand?post=38440"},{"taxonomy":"product_cat","embeddable":true,"href":"https:\/\/www.vinodis.com\/nl\/wp-json\/wp\/v2\/product_cat?post=38440"},{"taxonomy":"product_tag","embeddable":true,"href":"https:\/\/www.vinodis.com\/nl\/wp-json\/wp\/v2\/product_tag?post=38440"}],"curies":[{"name":"wp","href":"https:\/\/api.w.org\/{rel}","templated":true}]}}

<p>Cuvée Jean-Paul werd gecreëerd ter ere van de vader van Pierre Tilquin, de oprichter van de gelijknamige gueuzerie.</p>
<p>Deze blend is samengesteld uit 40% lambiek van 1 jaar oud, 30% lambiek van 2 jaar oud en 30% lambiek van 3 jaar oud, alle 3 gerijpt op eiken vaten en 2 jaar gerijpt op fles.</p>
<p>Te betalen met <strong>Sodexo Lunch-Pass en Monizze maaltijdcheques</strong>.</p>
<p>Als je andere soorten cheques wilt gebruiken, neem dan contact met ons op: <a href="mailto:vi*****@*****is.com" data-original-string="REj6tuLcLu1xSQfW4maHjw==51bmKG6kPQdDAV1aCwxT6RkPTU0VAMUnT6oEN9SnVpsdEo=" title="Dit contact is gecodeerd door Anti-Spam by CleanTalk. Klik om te decoderen. Om het decoderen te voltooien, moet JavaScript ingeschakeld zijn in je browser." data-loopstyle="link"><span 
                data-original-string='zO0/OUKUXsarp2R18CxeRg==51bM5hvEqCGvxm9pWZr0qMahz3vjuVBfx4r5hMu38JoPU4='
                class='apbct-email-encoder'
                title='Dit contact is gecodeerd door Anti-Spam by CleanTalk. Klik om te decoderen. Om het decoderen te voltooien, moet JavaScript ingeschakeld zijn in je browser.'>vi<span class="apbct-blur">*****</span>@<span class="apbct-blur">*****</span>is.com</span></a></p>

<p>La Cuvée Jean-Paul a été créée en l&rsquo;honneur du papa de Pierre Tilquin, le fondateur de la gueuzerie éponyme. Cet assemblage est composé de 40% de lambic de 1 an, 30% de lambic âgé de 2 ans et 30% de lambic de 3 ans, tous les 3 vieillis en fûts de chêne et affiné pendant [&hellip;]</p>
