{"id":38108,"date":"2026-02-12T09:28:48","date_gmt":"2026-02-12T09:28:48","guid":{"rendered":"https:\/\/www.vinodis.com\/?post_type=product&#038;p=38108"},"modified":"2026-04-16T07:38:23","modified_gmt":"2026-04-16T07:38:23","slug":"mirto-di-sardegna","status":"publish","type":"product","link":"https:\/\/www.vinodis.com\/nl\/product\/mirto-di-sardegna\/","title":{"rendered":"Mirto di Sardegna"},"content":{"rendered":"<p>De kleur is intens donkerbruin met schitterende violette accenten.<\/p>\n<p>Naast de intense mirte zit de neus vol aroma's van aromatische kruiden, laurier, salie en pruimenjam.<\/p>\n<p>Zeer complex en elegant in de mond, met verfijnde toetsen van bitterzoet op de achtergrond.<\/p>\n<p>Serveer gekoeld of met een ijsblokje!<\/p>\n<p>Te betalen met Sodexo en Monizze? lunchcheques Als je andere soorten cheques wilt gebruiken, neem dan contact met ons op. <a href=\"mailto:vi*****@*****is.com\" data-original-string=\"tlbBkNCapS+nffFo4b+zOw==51b\/xec1jG10a7UKwMftDNvptNgKzOG6dVcQCWHANnR354=\" title=\"Dit contact is gecodeerd door Anti-Spam by CleanTalk. Klik om te decoderen. Om het decoderen te voltooien, moet JavaScript ingeschakeld zijn in je browser.\"><span \n                data-original-string='0xkGqi\/c\/M9uooQOfH0D4Q==51bPOHZGXnJMJWkYd0\/Z091RngMwcK+EkbqbkhupVvwdC8='\n                class='apbct-email-encoder'\n                title='Dit contact is gecodeerd door Anti-Spam by CleanTalk. Klik om te decoderen. Om het decoderen te voltooien, moet JavaScript ingeschakeld zijn in je browser.'>vi<span class=\"apbct-blur\">*****<\/span>@<span class=\"apbct-blur\">*****<\/span>is.com<\/span><\/a><\/p>","protected":false},"excerpt":{"rendered":"<p>La robe est de couleur brune fonc\u00e9e intense avec des reflets violets et brillants. Le nez exprime de multiples ar\u00f4mes, en plus de l&rsquo;intense myrte :\u00a0 herbes aromatiques, laurier, sauge et confiture de prunes. La bouche est tr\u00e8s complexe et \u00e9l\u00e9gante avec en toile de fond des notes raffin\u00e9es de doux-amer. A servir glac\u00e9 ou [&hellip;]<\/p>\n","protected":false},"featured_media":36000,"comment_status":"closed","ping_status":"closed","template":"","meta":{"_acf_changed":false},"set_accompanying_cat":[2034,1952,2114],"beer_cat":[],"alcohol_cat":[],"wine_cat":[1860,1868],"grapes_cat":[],"fournisseur":[],"regions_cat":[3309,2106],"set_winetype_cat":[],"product_brand":[],"product_cat":[242],"product_tag":[],"class_list":{"0":"post-38108","1":"product","2":"type-product","3":"status-publish","4":"has-post-thumbnail","6":"set_accompanying_cat-biscuits-secs","7":"set_accompanying_cat-digestif","8":"set_accompanying_cat-meditation","9":"wine_cat-coups-de-coeur","10":"wine_cat-epice","11":"regions_cat-liqueurs","12":"regions_cat-sardegna","13":"product_cat-spiritueux","15":"first","16":"outofstock","17":"taxable","18":"shipping-taxable","19":"purchasable","20":"product-type-simple"},"acf":[],"_links":{"self":[{"href":"https:\/\/www.vinodis.com\/nl\/wp-json\/wp\/v2\/product\/38108","targetHints":{"allow":["GET"]}}],"collection":[{"href":"https:\/\/www.vinodis.com\/nl\/wp-json\/wp\/v2\/product"}],"about":[{"href":"https:\/\/www.vinodis.com\/nl\/wp-json\/wp\/v2\/types\/product"}],"replies":[{"embeddable":true,"href":"https:\/\/www.vinodis.com\/nl\/wp-json\/wp\/v2\/comments?post=38108"}],"wp:featuredmedia":[{"embeddable":true,"href":"https:\/\/www.vinodis.com\/nl\/wp-json\/wp\/v2\/media\/36000"}],"wp:attachment":[{"href":"https:\/\/www.vinodis.com\/nl\/wp-json\/wp\/v2\/media?parent=38108"}],"wp:term":[{"taxonomy":"set_accompanying_cat","embeddable":true,"href":"https:\/\/www.vinodis.com\/nl\/wp-json\/wp\/v2\/set_accompanying_cat?post=38108"},{"taxonomy":"beer_cat","embeddable":true,"href":"https:\/\/www.vinodis.com\/nl\/wp-json\/wp\/v2\/beer_cat?post=38108"},{"taxonomy":"alcohol_cat","embeddable":true,"href":"https:\/\/www.vinodis.com\/nl\/wp-json\/wp\/v2\/alcohol_cat?post=38108"},{"taxonomy":"wine_cat","embeddable":true,"href":"https:\/\/www.vinodis.com\/nl\/wp-json\/wp\/v2\/wine_cat?post=38108"},{"taxonomy":"grapes_cat","embeddable":true,"href":"https:\/\/www.vinodis.com\/nl\/wp-json\/wp\/v2\/grapes_cat?post=38108"},{"taxonomy":"fournisseur","embeddable":true,"href":"https:\/\/www.vinodis.com\/nl\/wp-json\/wp\/v2\/fournisseur?post=38108"},{"taxonomy":"regions_cat","embeddable":true,"href":"https:\/\/www.vinodis.com\/nl\/wp-json\/wp\/v2\/regions_cat?post=38108"},{"taxonomy":"set_winetype_cat","embeddable":true,"href":"https:\/\/www.vinodis.com\/nl\/wp-json\/wp\/v2\/set_winetype_cat?post=38108"},{"taxonomy":"product_brand","embeddable":true,"href":"https:\/\/www.vinodis.com\/nl\/wp-json\/wp\/v2\/product_brand?post=38108"},{"taxonomy":"product_cat","embeddable":true,"href":"https:\/\/www.vinodis.com\/nl\/wp-json\/wp\/v2\/product_cat?post=38108"},{"taxonomy":"product_tag","embeddable":true,"href":"https:\/\/www.vinodis.com\/nl\/wp-json\/wp\/v2\/product_tag?post=38108"}],"curies":[{"name":"wp","href":"https:\/\/api.w.org\/{rel}","templated":true}]}}

<p>La robe est de couleur brune foncée intense avec des reflets violets et brillants. Le nez exprime de multiples arômes, en plus de l&rsquo;intense myrte :  herbes aromatiques, laurier, sauge et confiture de prunes. La bouche est très complexe et élégante avec en toile de fond des notes raffinées de doux-amer. A servir glacé ou [&hellip;]</p>
